{"id":987501096,"date":"2026-06-16T12:57:57","date_gmt":"2026-06-16T12:57:57","guid":{"rendered":"https:\/\/uj.landhausungarn.com\/?post_type=property&#038;p=987501096"},"modified":"2026-07-09T14:31:05","modified_gmt":"2026-07-09T14:31:05","slug":"elado-ipari-ingatlan-kormenden-ipartelepen-az-osztrak-hatar-kozeleben","status":"publish","type":"property","link":"https:\/\/landhausungarn.com\/hu\/ingatlanok\/elado-ipari-ingatlan-kormenden-ipartelepen-az-osztrak-hatar-kozeleben\/","title":{"rendered":"AKCI\u00d3! ELAD\u00d3 HAT\u00c1RK\u00d6ZELI LOGISZTIKAI \u00c9S IPARI TELEPHELY H\u0170T\u0150KAMR\u00c1VAL \u2013 K\u00d6RMEND"},"content":{"rendered":"<p><strong><em>ELAD\u00d3 HAT\u00c1RK\u00d6ZELI LOGISZTIKAI \u00c9S IPARI TELEPHELY H\u0170T\u0150KAMR\u00c1VAL \u2013 K\u00d6RMEND<\/em><\/strong><\/p>\n<p><strong><em>Ausztri\u00e1t\u00f3l mind\u00f6ssze 25 km-re<\/em><\/strong><em>, K\u00f6rmend ipari \u00f6vezet\u00e9ben, az <strong>M80 gyorsforgalmi \u00fat k\u00f6zel\u00e9ben<\/strong> k\u00edn\u00e1lunk elad\u00e1sra egy kiv\u00e1l\u00f3 adotts\u00e1gokkal rendelkez\u0151, azonnal birtokba vehet\u0151 ipari ingatlant.<\/em><\/p>\n<p><em>A <strong>2.000 m\u00b2-es telken<\/strong> elhelyezked\u0151, k\u00f6zel <strong>400 m\u00b2 hasznos alapter\u00fclet\u0171<\/strong>, h\u0151szigetelt ac\u00e9lv\u00e1zas csarnok kiv\u00e1l\u00f3 v\u00e1laszt\u00e1s logisztikai, rakt\u00e1roz\u00e1si, gy\u00e1rt\u00e1si vagy kereskedelmi tev\u00e9kenys\u00e9ghez. Az ingatlan kialak\u00edt\u00e1s\u00e1nak r\u00e9sze egy megl\u00e9v\u0151 <strong>h\u0171t\u0151kamra<\/strong>, irodahelyis\u00e9gek \u00e9s szoci\u00e1lis blokk is, \u00edgy jelent\u0151s beruh\u00e1z\u00e1si k\u00f6lts\u00e9g takar\u00edthat\u00f3 meg.<\/em><\/p>\n<p><strong><em>Az ingatlan f\u0151bb jellemz\u0151i<\/em><\/strong><\/p>\n<ul>\n<li><em>2.000 m\u00b2-es telek <\/em><\/li>\n<li><em>kb. 360 m\u00b2 csarnok <\/em><\/li>\n<li><em>kb. 40 m\u00b2 gal\u00e9ri\u00e1s iroda <\/em><\/li>\n<li><em>tov\u00e1bbi irodahelyis\u00e9gek <\/em><\/li>\n<li><em>szoci\u00e1lis \u00e9s vizesblokkok <\/em><\/li>\n<li><em>h\u0151szigetelt ac\u00e9lv\u00e1zas csarnokszerkezet <\/em><\/li>\n<li><em>kb. 6,5 m\u00e9teres belmagass\u00e1g <\/em><\/li>\n<li><em>rakod\u00f3r\u00e1mpa <\/em><\/li>\n<li><em>aszfaltozott udvar <\/em><\/li>\n<li><em>kamionnal is k\u00f6nnyen megk\u00f6zel\u00edthet\u0151 <\/em><\/li>\n<li><em>azonnal birtokba vehet\u0151 <\/em><\/li>\n<\/ul>\n<p><strong><em>Kiv\u00e1l\u00f3 v\u00e1laszt\u00e1s<\/em><\/strong><\/p>\n<ul>\n<li><em>logisztikai v\u00e1llalkoz\u00e1soknak <\/em><\/li>\n<li><em>rakt\u00e1rb\u00e1zisnak <\/em><\/li>\n<li><em>web\u00e1ruh\u00e1zak kiszolg\u00e1l\u00f3 k\u00f6zpontj\u00e1nak <\/em><\/li>\n<li><em>\u00e9lelmiszeripari v\u00e1llalkoz\u00e1soknak <\/em><\/li>\n<li><em>gy\u00e1rt\u00f3\u00fczemnek <\/em><\/li>\n<li><em>\u00e9p\u00edt\u0151ipari c\u00e9gek telephely\u00e9nek <\/em><\/li>\n<li><em>Ausztri\u00e1ba dolgoz\u00f3 v\u00e1llalkoz\u00e1soknak <\/em><\/li>\n<\/ul>\n<p><strong><em>Mi\u00e9rt \u00e9rdemes ezt v\u00e1lasztani?<\/em><\/strong><\/p>\n<p><em>\u2714<\/em><em> Mind\u00f6ssze <strong>25 km Ausztri\u00e1t\u00f3l<\/strong><\/em><\/p>\n<p><em>\u2714<\/em><em> Gyors kapcsolat az <strong>M80 gyorsforgalmi \u00fathoz<\/strong><\/em><\/p>\n<p><em>\u2714<\/em><em> Megl\u00e9v\u0151 <strong>h\u0171t\u0151kamra<\/strong><\/em><\/p>\n<p><em>\u2714<\/em><em> Kialak\u00edtott iroda- \u00e9s szoci\u00e1lis helyis\u00e9gek<\/em><\/p>\n<p><em>\u2714<\/em><em> Rakod\u00f3r\u00e1mpa<\/em><\/p>\n<p><em>\u2714<\/em><em> Alacsony fenntart\u00e1si k\u00f6lts\u00e9gek<\/em><\/p>\n<p><em>\u2714<\/em><em> <strong>K\u00f6rmenden nincs \u00e9p\u00edtm\u00e9nyad\u00f3<\/strong><\/em><\/p>\n<p><em>\u2714<\/em><em> Kedvez\u0151 telekad\u00f3<\/em><\/p>\n<p><em>Az ingatlan egyik legnagyobb el\u0151nye a <strong>hat\u00e1r k\u00f6zeli elhelyezked\u00e9s<\/strong>, amely ide\u00e1lis v\u00e1laszt\u00e1ss\u00e1 teszi azoknak a v\u00e1llalkoz\u00e1soknak, amelyek magyar \u00e9s osztr\u00e1k partnereket egyar\u00e1nt kiszolg\u00e1lnak. A megl\u00e9v\u0151 infrastrukt\u00fara, a j\u00f3l megk\u00f6zel\u00edthet\u0151 telephely \u00e9s a kedvez\u0151 \u00fczemeltet\u00e9si k\u00f6lts\u00e9gek hossz\u00fa t\u00e1von is versenyel\u0151nyt jelenthetnek.<\/em><\/p>\n<p>69.990.000.- Ft\u00a0+ \u00c1FA ( ford\u00edtott \u00c1fa )<\/p>\n","protected":false},"excerpt":{"rendered":"<p>ELAD\u00d3 HAT\u00c1RK\u00d6ZELI LOGISZTIKAI \u00c9S IPARI TELEPHELY H\u0170T\u0150KAMR\u00c1VAL \u2013 K\u00d6RMEND Ausztri\u00e1t\u00f3l mind\u00f6ssze 25 km-re, K\u00f6rmend ipari \u00f6vezet\u00e9ben, az M80 gyorsforgalmi \u00fat k\u00f6zel\u00e9ben k\u00edn\u00e1lunk elad\u00e1sra egy kiv\u00e1l\u00f3 adotts\u00e1gokkal rendelkez\u0151, azonnal birtokba vehet\u0151 ipari ingatlant. A 2.000 m\u00b2-es telken elhelyezked\u0151, k\u00f6zel 400 m\u00b2 hasznos alapter\u00fclet\u0171, h\u0151szigetelt ac\u00e9lv\u00e1zas csarnok kiv\u00e1l\u00f3 v\u00e1laszt\u00e1s logisztikai, rakt\u00e1roz\u00e1si, gy\u00e1rt\u00e1si vagy kereskedelmi tev\u00e9kenys\u00e9ghez. Az ingatlan [&hellip;]<\/p>\n","protected":false},"featured_media":987502768,"template":"","property_type":[527],"property_location":[],"property_condition":[531],"class_list":["post-987501096","property","type-property","status-publish","has-post-thumbnail","hentry","property_type-uzleti-ingatlan","property_condition-jo-allapotu"],"acf":[],"_links":{"self":[{"href":"https:\/\/landhausungarn.com\/hu\/wp-json\/wp\/v2\/property\/987501096","targetHints":{"allow":["GET"]}}],"collection":[{"href":"https:\/\/landhausungarn.com\/hu\/wp-json\/wp\/v2\/property"}],"about":[{"href":"https:\/\/landhausungarn.com\/hu\/wp-json\/wp\/v2\/types\/property"}],"wp:featuredmedia":[{"embeddable":true,"href":"https:\/\/landhausungarn.com\/hu\/wp-json\/wp\/v2\/media\/987502768"}],"wp:attachment":[{"href":"https:\/\/landhausungarn.com\/hu\/wp-json\/wp\/v2\/media?parent=987501096"}],"wp:term":[{"taxonomy":"property_type","embeddable":true,"href":"https:\/\/landhausungarn.com\/hu\/wp-json\/wp\/v2\/property_type?post=987501096"},{"taxonomy":"property_location","embeddable":true,"href":"https:\/\/landhausungarn.com\/hu\/wp-json\/wp\/v2\/property_location?post=987501096"},{"taxonomy":"property_condition","embeddable":true,"href":"https:\/\/landhausungarn.com\/hu\/wp-json\/wp\/v2\/property_condition?post=987501096"}],"curies":[{"name":"wp","href":"https:\/\/api.w.org\/{rel}","templated":true}]}}

AKCIÓ! ELADÓ HATÁRKÖZELI LOGISZTIKAI ÉS IPARI TELEPHELY HŰTŐKAMRÁVAL – KÖRMEND

<p><strong><em>ELADÓ HATÁRKÖZELI LOGISZTIKAI ÉS IPARI TELEPHELY HŰTŐKAMRÁVAL – KÖRMEND</em></strong></p>
<p><strong><em>Ausztriától mindössze 25 km-re</em></strong><em>, Körmend ipari övezetében, az <strong>M80 gyorsforgalmi út közelében</strong> kínálunk eladásra egy kiváló adottságokkal rendelkező, azonnal birtokba vehető ipari ingatlant.</em></p>
<p><em>A <strong>2.000 m²-es telken</strong> elhelyezkedő, közel <strong>400 m² hasznos alapterületű</strong>, hőszigetelt acélvázas csarnok kiváló választás logisztikai, raktározási, gyártási vagy kereskedelmi tevékenységhez. Az ingatlan kialakításának része egy meglévő <strong>hűtőkamra</strong>, irodahelyiségek és szociális blokk is, így jelentős beruházási költség takarítható meg.</em></p>
<p><strong><em>Az ingatlan főbb jellemzői</em></strong></p>
<ul>
<li><em>2.000 m²-es telek </em></li>
<li><em>kb. 360 m² csarnok </em></li>
<li><em>kb. 40 m² galériás iroda </em></li>
<li><em>további irodahelyiségek </em></li>
<li><em>szociális és vizesblokkok </em></li>
<li><em>hőszigetelt acélvázas csarnokszerkezet </em></li>
<li><em>kb. 6,5 méteres belmagasság </em></li>
<li><em>rakodórámpa </em></li>
<li><em>aszfaltozott udvar </em></li>
<li><em>kamionnal is könnyen megközelíthető </em></li>
<li><em>azonnal birtokba vehető </em></li>
</ul>
<p><strong><em>Kiváló választás</em></strong></p>
<ul>
<li><em>logisztikai vállalkozásoknak </em></li>
<li><em>raktárbázisnak </em></li>
<li><em>webáruházak kiszolgáló központjának </em></li>
<li><em>élelmiszeripari vállalkozásoknak </em></li>
<li><em>gyártóüzemnek </em></li>
<li><em>építőipari cégek telephelyének </em></li>
<li><em>Ausztriába dolgozó vállalkozásoknak </em></li>
</ul>
<p><strong><em>Miért érdemes ezt választani?</em></strong></p>
<p><em>✔</em><em> Mindössze <strong>25 km Ausztriától</strong></em></p>
<p><em>✔</em><em> Gyors kapcsolat az <strong>M80 gyorsforgalmi úthoz</strong></em></p>
<p><em>✔</em><em> Meglévő <strong>hűtőkamra</strong></em></p>
<p><em>✔</em><em> Kialakított iroda- és szociális helyiségek</em></p>
<p><em>✔</em><em> Rakodórámpa</em></p>
<p><em>✔</em><em> Alacsony fenntartási költségek</em></p>
<p><em>✔</em><em> <strong>Körmenden nincs építményadó</strong></em></p>
<p><em>✔</em><em> Kedvező telekadó</em></p>
<p><em>Az ingatlan egyik legnagyobb előnye a <strong>határ közeli elhelyezkedés</strong>, amely ideális választássá teszi azoknak a vállalkozásoknak, amelyek magyar és osztrák partnereket egyaránt kiszolgálnak. A meglévő infrastruktúra, a jól megközelíthető telephely és a kedvező üzemeltetési költségek hosszú távon is versenyelőnyt jelenthetnek.</em></p>
<p>69.990.000.- Ft + ÁFA ( fordított Áfa )</p>

<p>ELADÓ HATÁRKÖZELI LOGISZTIKAI ÉS IPARI TELEPHELY HŰTŐKAMRÁVAL – KÖRMEND Ausztriától mindössze 25 km-re, Körmend ipari övezetében, az M80 gyorsforgalmi út közelében kínálunk eladásra egy kiváló adottságokkal rendelkező, azonnal birtokba vehető ipari ingatlant. A 2.000 m²-es telken elhelyezkedő, közel 400 m² hasznos alapterületű, hőszigetelt acélvázas csarnok kiváló választás logisztikai, raktározási, gyártási vagy kereskedelmi tevékenységhez. Az ingatlan [&hellip;]</p>
